{"id":83,"date":"2018-02-22T00:32:24","date_gmt":"2018-02-22T00:32:24","guid":{"rendered":"http:\/\/www2.tsa.ee\/18122018\/?page_id=83"},"modified":"2018-02-22T01:12:58","modified_gmt":"2018-02-22T01:12:58","slug":"ilm","status":"publish","type":"page","link":"https:\/\/www2.tsa.ee\/18122018\/ilm\/","title":{"rendered":"Ilm"},"content":{"rendered":"<div class=\"entry-content\">\n<h1>Eesti ilm<\/h1>\n<p>Eesti Ilmateenistuse andmed ja prognoosid:<\/p>\n<p><strong><a href=\"http:\/\/www.ilmateenistus.ee\/ilm\/ilmavaatlused\/vaatlusandmed\/\">Hetkeilm ja tagasivaated<\/a>\u00a0\u00a0\u00a0\u00a0\u00a0\u00a0\u00a0\u00a0\u00a0 <a href=\"http:\/\/www.ilmateenistus.ee\/ilm\/prognoosid\/4-oopaeva-prognoos\/\">4 \u00f6\u00f6p\u00e4eva ilmaprognoos<\/a><\/strong>\u00a0\u00a0\u00a0\u00a0\u00a0\u00a0\u00a0\u00a0\u00a0\u00a0<a href=\"http:\/\/www.ilmateenistus.ee\/ilm\/prognoosid\/nadala-ja-kuuprognoos\/nadalaprognoos\/\">N\u00e4dalaprognoos<\/a><\/p>\n<p><a href=\"http:\/\/www.ilmateenistus.ee\/ilm\/prognoosid\/mudelprognoosid\/euroopa\/#layers\/temp2mv2,presmslp,presmslv\">HIRLAM mudelprognoos temperatuur<\/a>\u00a0\u00a0\u00a0\u00a0\u00a0\u00a0\u00a0\u00a0\u00a0 <a href=\"http:\/\/www.ilmateenistus.ee\/ilm\/prognoosid\/mudelprognoosid\/euroopa\/#layers\/tuul10ms,tuul10mb,presmslp,presmslv\">HIRLAM mudelprognoos tuul<\/a><\/p>\n<p><a href=\"http:\/\/www.ilmateenistus.ee\/ilm\/ilmavaatlused\/sademed\/\">Lumikate ja sademed<\/a>\u00a0\u00a0\u00a0\u00a0\u00a0\u00a0\u00a0\u00a0\u00a0 <a href=\"http:\/\/www.ilmateenistus.ee\/ilm\/ilmavaatlused\/radaripildid\/komposiitpilt\/\">Ilmaradar<\/a><\/p>\n<p><a href=\"http:\/\/www.ilmateenistus.ee\/siseveed\/vaatlusandmed\/kaart\/\">Veetemperatuurid siseveekogudel<\/a>\u00a0\u00a0\u00a0\u00a0\u00a0\u00a0\u00a0\u00a0\u00a0 <a href=\"http:\/\/www.ilmateenistus.ee\/meri\/vaatlusandmed\/kogu-rannik\/kaart\/\">Merevee temperatuurid<\/a>\u00a0\u00a0\u00a0\u00a0\u00a0\u00a0\u00a0\u00a0\u00a0 <a href=\"http:\/\/www.ilmateenistus.ee\/meri\/jaakaart\/\">J\u00e4\u00e4kaart<\/a><\/p>\n<p>&nbsp;<\/p>\n<p>Ilmaolud Maanteeameti teeilmajaamade\u00a0ja teekaamerate vahendusel:\u00a0 <a href=\"https:\/\/tarktee.mnt.ee\/#\">https:\/\/tarktee.mnt.ee\/#<\/a><\/p>\n<p>&nbsp;<\/p>\n<p>YR.NO (Norra ilmateenistuse prognoosid)<\/p>\n<p><strong>48 tundi<\/strong>\u00a0\u00a0\u00a0\u00a0\u00a0\u00a0\u00a0\u00a0\u00a0 <a href=\"https:\/\/www.yr.no\/place\/Estonia\/Harjumaa\/Tallinn\/hour_by_hour.html\">Tallinn<\/a>\u00a0\u00a0\u00a0\u00a0\u00a0\u00a0 <a href=\"https:\/\/www.yr.no\/place\/Estonia\/Tartumaa\/Tartu\/hour_by_hour.html\">Tartu<\/a>\u00a0\u00a0\u00a0\u00a0\u00a0\u00a0\u00a0<a href=\"https:\/\/www.yr.no\/place\/Estonia\/Ida-Virumaa\/Narva\/hour_by_hour.html\">Narva<\/a>\u00a0\u00a0\u00a0\u00a0\u00a0\u00a0\u00a0<a href=\"https:\/\/www.yr.no\/place\/Estonia\/J\u00e4rvamaa\/T\u00fcri\/hour_by_hour.html\">T\u00fcri<\/a>\u00a0\u00a0\u00a0\u00a0\u00a0\u00a0\u00a0<a href=\"https:\/\/www.yr.no\/place\/Estonia\/V\u00f5rumaa\/V\u00f5ru\/hour_by_hour.html\">V\u00f5ru<\/a>\u00a0\u00a0\u00a0\u00a0\u00a0\u00a0\u00a0<a href=\"https:\/\/www.yr.no\/place\/Estonia\/P\u00e4rnumaa\/P\u00e4rnu\/hour_by_hour.html\">P\u00e4rnu<\/a>\u00a0\u00a0\u00a0\u00a0\u00a0\u00a0\u00a0<a href=\"https:\/\/www.yr.no\/place\/Estonia\/Saaremaa\/Kuressaare\/hour_by_hour.html\">Kuressaare<\/a><\/p>\n<p><strong>10 p\u00e4eva\u00a0\u00a0\u00a0\u00a0\u00a0\u00a0\u00a0\u00a0\u00a0<\/strong> <a href=\"https:\/\/www.yr.no\/place\/Estonia\/Harjumaa\/Tallinn\/long.html\">Tallinn<\/a>\u00a0\u00a0\u00a0\u00a0\u00a0\u00a0\u00a0<a href=\"https:\/\/www.yr.no\/place\/Estonia\/Tartumaa\/Tartu\/long.html\">Tartu<\/a>\u00a0\u00a0\u00a0\u00a0\u00a0\u00a0\u00a0<a href=\"https:\/\/www.yr.no\/place\/Estonia\/Ida-Virumaa\/Narva\/long.html\">Narva<\/a>\u00a0\u00a0\u00a0\u00a0\u00a0\u00a0\u00a0<a href=\"https:\/\/www.yr.no\/place\/Estonia\/J\u00e4rvamaa\/T\u00fcri\/long.html\">T\u00fcri<\/a>\u00a0\u00a0\u00a0\u00a0\u00a0\u00a0\u00a0<a href=\"https:\/\/www.yr.no\/place\/Estonia\/V\u00f5rumaa\/V\u00f5ru\/long.html\">V\u00f5ru<\/a>\u00a0\u00a0\u00a0\u00a0\u00a0\u00a0\u00a0<a href=\"https:\/\/www.yr.no\/place\/Estonia\/P\u00e4rnumaa\/P\u00e4rnu\/long.html\">P\u00e4rnu<\/a>\u00a0\u00a0\u00a0\u00a0\u00a0\u00a0 <a href=\"https:\/\/www.yr.no\/place\/Estonia\/Saaremaa\/Kuressaare\/long.html\">Kuressaare<\/a><\/p>\n<p>&nbsp;<\/p>\n<p>&nbsp;<\/p>\n<p>Ilm l\u00e4hiriikides<\/p>\n<p>Soome ilmateenistus\u00a0\u00a0 <a href=\"http:\/\/www.ilmatieteenlaitos.fi\/\">http:\/\/www.ilmatieteenlaitos.fi<\/a><\/p>\n<p>Rootsi ilmateenistus\u00a0 <a href=\"https:\/\/www.smhi.se\/en\/weather\/sweden-weather\/observations\">https:\/\/www.smhi.se\/en\/weather\/sweden-weather\/observations<\/a><\/p>\n<p>Venemaa ilmateenistus\u00a0 <a href=\"http:\/\/wmc.meteoinfo.ru\/weather\">http:\/\/wmc.meteoinfo.ru\/weather<\/a><\/p>\n<p>L\u00e4ti ilmateenistus\u00a0 <a href=\"https:\/\/www.meteo.lv\/en\/meteorologijas-operativa-informacija\">https:\/\/www.meteo.lv\/en\/meteorologijas-operativa-informacija<\/a><\/p>\n<p>Leedu ilmateenistus\u00a0 <a href=\"http:\/\/www.meteo.lt\/en\/web\/guest\/observed-weather\">http:\/\/www.meteo.lt\/en\/web\/guest\/observed-weather<\/a><\/p>\n<p>Norra ilmateenistus\u00a0 <a href=\"https:\/\/www.yr.no\/observasjonar\/\">https:\/\/www.yr.no\/observasjonar<\/a><\/p>\n<p>Taani ilmateenistus\u00a0 <a href=\"http:\/\/www.dmi.dk\/vejr\/maalinger\/vejret-lige-nu\/\">http:\/\/www.dmi.dk\/vejr\/maalinger\/vejret-lige-nu\/<\/a><\/p>\n<p>&nbsp;<\/p>\n<p>Ilm mujal<\/p>\n<p>\u00dclevaade kogu maailma ilmast\u00a0 <a href=\"https:\/\/earth.nullschool.net\/#current\/wind\/surface\/level\/overlay=temp\/orthographic=-332.23,32.92,403\">earth.nullschool.net<\/a>\u00a0(vajutades hiirega kaardil huvipakkuvasse kohta, n\u00e4ete selle koha (ligikaudu) hetke temperatuuri ja tuule kiirust)<\/p>\n<p>Viimase \u00f6\u00f6p\u00e4eva k\u00f5ige-k\u00f5ige: \u00a0<a href=\"http:\/\/www.meteoinfo.ru\/pogoda-extremums\">http:\/\/www.meteoinfo.ru\/pogoda-extremums<\/a><\/p>\n<p>&nbsp;<\/p>\n<p>Euroopa<\/p>\n<p>Itaalia\u00a0\u00a0 <a href=\"http:\/\/www.meteoam.it\/tempo_in_atto\/italia\">http:\/\/www.meteoam.it\/tempo_in_atto\/italia<\/a><\/p>\n<p>Kreeka\u00a0\u00a0<a href=\"http:\/\/www.emy.gr\/emy\/en\/index_html\">http:\/\/www.emy.gr\/emy\/en\/index_html<\/a><\/p>\n<p>Poola\u00a0\u00a0<a href=\"http:\/\/www.pogodynka.pl\/\">http:\/\/www.pogodynka.pl\/<\/a><\/p>\n<p>Saksamaa ilmateenistus \u00a0<a href=\"http:\/\/www.dwd.de\/DE\/Home\/home_node.html\">http:\/\/www.dwd.de\/DE\/Home\/home_node.html<\/a><\/p>\n<p>T\u0161ehhi\u00a0\u00a0 <a href=\"http:\/\/portal.chmi.cz\/?l=en\">http:\/\/portal.chmi.cz\/?l=en<\/a><\/p>\n<p>Ukraina\u00a0 \u00a0<a href=\"http:\/\/meteo.gov.ua\/en\/33345\/current\/ukraine\">http:\/\/meteo.gov.ua\/en\/33345\/current\/ukraine<\/a><\/p>\n<p>Ungari\u00a0\u00a0 <a href=\"http:\/\/www.met.hu\/en\/idojaras\/aktualis_idojaras\/\">http:\/\/www.met.hu\/en\/idojaras\/aktualis_idojaras\/<\/a><\/p>\n<p>&nbsp;<\/p>\n<p>&nbsp;<\/p>\n<\/div>\n","protected":false},"excerpt":{"rendered":"<p>Eesti ilm Eesti Ilmateenistuse andmed ja prognoosid: Hetkeilm ja tagasivaated\u00a0\u00a0\u00a0\u00a0\u00a0\u00a0\u00a0\u00a0\u00a0 [&hellip;]<\/p>\n","protected":false},"author":1,"featured_media":0,"parent":0,"menu_order":0,"comment_status":"closed","ping_status":"closed","template":"","meta":{"footnotes":""},"class_list":["post-83","page","type-page","status-publish","hentry"],"_links":{"self":[{"href":"https:\/\/www2.tsa.ee\/18122018\/wp-json\/wp\/v2\/pages\/83","targetHints":{"allow":["GET"]}}],"collection":[{"href":"https:\/\/www2.tsa.ee\/18122018\/wp-json\/wp\/v2\/pages"}],"about":[{"href":"https:\/\/www2.tsa.ee\/18122018\/wp-json\/wp\/v2\/types\/page"}],"author":[{"embeddable":true,"href":"https:\/\/www2.tsa.ee\/18122018\/wp-json\/wp\/v2\/users\/1"}],"replies":[{"embeddable":true,"href":"https:\/\/www2.tsa.ee\/18122018\/wp-json\/wp\/v2\/comments?post=83"}],"version-history":[{"count":3,"href":"https:\/\/www2.tsa.ee\/18122018\/wp-json\/wp\/v2\/pages\/83\/revisions"}],"predecessor-version":[{"id":91,"href":"https:\/\/www2.tsa.ee\/18122018\/wp-json\/wp\/v2\/pages\/83\/revisions\/91"}],"wp:attachment":[{"href":"https:\/\/www2.tsa.ee\/18122018\/wp-json\/wp\/v2\/media?parent=83"}],"curies":[{"name":"wp","href":"https:\/\/api.w.org\/{rel}","templated":true}]}}