{"id":77,"date":"2018-02-22T00:11:58","date_gmt":"2018-02-22T00:11:58","guid":{"rendered":"http:\/\/www2.tsa.ee\/18122018\/?page_id=77"},"modified":"2018-02-22T00:57:36","modified_gmt":"2018-02-22T00:57:36","slug":"laevad","status":"publish","type":"page","link":"https:\/\/www2.tsa.ee\/18122018\/avaleht\/laevad\/","title":{"rendered":"Laevad"},"content":{"rendered":"<h1>Laevade s\u00f5idugraafikud ja piletid<\/h1>\n<p><a href=\"http:\/\/www.ts.ee\/soidugraafikud\">Tallinna Sadamast v\u00e4ljuvate laevaliinide s\u00f5idugraafikud\u00a0(Helsingi, Stockholm, Peterburg)<\/a><\/p>\n<p><a href=\"https:\/\/www.tallink.ee\">Tallink<\/a>\u00a0\u00a0\u00a0\u00a0\u00a0\u00a0\u00a0\u00a0\u00a0 <a href=\"https:\/\/www.vikingline.ee\/\">Viking Line<\/a>\u00a0\u00a0\u00a0\u00a0\u00a0\u00a0\u00a0\u00a0\u00a0 <a href=\"https:\/\/www.eckeroline.ee\">Ecker\u00f6 Line<\/a><\/p>\n<p><a href=\"https:\/\/www.praamid.ee\/\">Saaremaa ja Hiiumaa laevaliinid (v.a S\u00f5ru-Triigi)<\/a><\/p>\n<p><a href=\"http:\/\/www.veeteed.com\/\">Kihnu Veeteed (Vormsi, Kihnu, Manilaiu, Ruhnu, Aegna, Prangli, S\u00f5ru-Triigi ja\u00a0Piirissaare laevaliinid)<\/a><\/p>\n<p>&nbsp;<\/p>\n<p>&nbsp;<\/p>\n<p>&nbsp;<\/p>\n","protected":false},"excerpt":{"rendered":"<p>Laevade s\u00f5idugraafikud ja piletid Tallinna Sadamast v\u00e4ljuvate laevaliinide s\u00f5idugraafikud\u00a0(Helsingi, Stockholm, [&hellip;]<\/p>\n","protected":false},"author":1,"featured_media":0,"parent":6,"menu_order":0,"comment_status":"closed","ping_status":"closed","template":"","meta":{"footnotes":""},"class_list":["post-77","page","type-page","status-publish","hentry"],"_links":{"self":[{"href":"https:\/\/www2.tsa.ee\/18122018\/wp-json\/wp\/v2\/pages\/77","targetHints":{"allow":["GET"]}}],"collection":[{"href":"https:\/\/www2.tsa.ee\/18122018\/wp-json\/wp\/v2\/pages"}],"about":[{"href":"https:\/\/www2.tsa.ee\/18122018\/wp-json\/wp\/v2\/types\/page"}],"author":[{"embeddable":true,"href":"https:\/\/www2.tsa.ee\/18122018\/wp-json\/wp\/v2\/users\/1"}],"replies":[{"embeddable":true,"href":"https:\/\/www2.tsa.ee\/18122018\/wp-json\/wp\/v2\/comments?post=77"}],"version-history":[{"count":7,"href":"https:\/\/www2.tsa.ee\/18122018\/wp-json\/wp\/v2\/pages\/77\/revisions"}],"predecessor-version":[{"id":90,"href":"https:\/\/www2.tsa.ee\/18122018\/wp-json\/wp\/v2\/pages\/77\/revisions\/90"}],"up":[{"embeddable":true,"href":"https:\/\/www2.tsa.ee\/18122018\/wp-json\/wp\/v2\/pages\/6"}],"wp:attachment":[{"href":"https:\/\/www2.tsa.ee\/18122018\/wp-json\/wp\/v2\/media?parent=77"}],"curies":[{"name":"wp","href":"https:\/\/api.w.org\/{rel}","templated":true}]}}